{"id":170,"date":"2017-10-22T15:49:02","date_gmt":"2017-10-22T13:49:02","guid":{"rendered":"http:\/\/fmc.landerneau.net\/?page_id=170"},"modified":"2017-10-22T15:49:02","modified_gmt":"2017-10-22T13:49:02","slug":"programme-2009","status":"publish","type":"page","link":"https:\/\/fmc.landerneau.net\/?page_id=170","title":{"rendered":"Programme 2009"},"content":{"rendered":"<p><img loading=\"lazy\" decoding=\"async\" class=\"puce\" src=\"https:\/\/fmc.landerneau.net\/squelettes-dist\/puce.gif\" alt=\"-\" width=\"8\" height=\"11\" \/>\u00a0Diab\u00e8te gestationnel <i>(05\/02\/2009)<\/i><br \/>\n<img loading=\"lazy\" decoding=\"async\" class=\"puce\" src=\"https:\/\/fmc.landerneau.net\/squelettes-dist\/puce.gif\" alt=\"-\" width=\"8\" height=\"11\" \/>\u00a0Le couple st\u00e9rile <i>(05 ou 12\/03\/2009)<\/i><br \/>\n<img loading=\"lazy\" decoding=\"async\" class=\"puce\" src=\"https:\/\/fmc.landerneau.net\/squelettes-dist\/puce.gif\" alt=\"-\" width=\"8\" height=\"11\" \/>\u00a0L\u2019hyst\u00e9rie en 2009 <i>(02\/04\/2009)<\/i><br \/>\n<img loading=\"lazy\" decoding=\"async\" class=\"puce\" src=\"https:\/\/fmc.landerneau.net\/squelettes-dist\/puce.gif\" alt=\"-\" width=\"8\" height=\"11\" \/>\u00a0Surveillance des anti-TNF en rhumatologie <i>(14\/05\/2009)<\/i><br \/>\n<img loading=\"lazy\" decoding=\"async\" class=\"puce\" src=\"https:\/\/fmc.landerneau.net\/squelettes-dist\/puce.gif\" alt=\"-\" width=\"8\" height=\"11\" \/>\u00a0Recherche d\u2019information m\u00e9dicale sur internet <i>(11\/06\/2009)<\/i><br \/>\n<img loading=\"lazy\" decoding=\"async\" class=\"puce\" src=\"https:\/\/fmc.landerneau.net\/squelettes-dist\/puce.gif\" alt=\"-\" width=\"8\" height=\"11\" \/>\u00a0M\u00e9decine esth\u00e9tique <i>(10\/09\/2009)<\/i><br \/>\n<img loading=\"lazy\" decoding=\"async\" class=\"puce\" src=\"https:\/\/fmc.landerneau.net\/squelettes-dist\/puce.gif\" alt=\"-\" width=\"8\" height=\"11\" \/>\u00a0Les nouveaux anti-\u00e9pileptiques <i>(08\/10\/2009)<\/i><br \/>\n<img loading=\"lazy\" decoding=\"async\" class=\"puce\" src=\"https:\/\/fmc.landerneau.net\/squelettes-dist\/puce.gif\" alt=\"-\" width=\"8\" height=\"11\" \/>\u00a0D\u00e9pistage de la BPCO <i>(12\/11\/2009)<\/i><br \/>\n<img loading=\"lazy\" decoding=\"async\" class=\"puce\" src=\"https:\/\/fmc.landerneau.net\/squelettes-dist\/puce.gif\" alt=\"-\" width=\"8\" height=\"11\" \/>\u00a0Maintien \u00e0 domicile des personnes \u00e2g\u00e9es <i>(10\/12\/2009)<\/i><br \/>\n<img loading=\"lazy\" decoding=\"async\" class=\"puce\" src=\"https:\/\/fmc.landerneau.net\/squelettes-dist\/puce.gif\" alt=\"-\" width=\"8\" height=\"11\" \/>\u00a0Les nodules thyro\u00efdiens <i>(14\/01\/2010)<\/i><\/p>\n","protected":false},"excerpt":{"rendered":"<p>\u00a0Diab\u00e8te gestationnel (05\/02\/2009) \u00a0Le couple st\u00e9rile (05 ou 12\/03\/2009) \u00a0L\u2019hyst\u00e9rie en 2009 (02\/04\/2009) \u00a0Surveillance des anti-TNF en rhumatologie (14\/05\/2009) \u00a0Recherche d\u2019information m\u00e9dicale sur internet (11\/06\/2009) \u00a0M\u00e9decine esth\u00e9tique (10\/09\/2009) \u00a0Les nouveaux anti-\u00e9pileptiques (08\/10\/2009) \u00a0D\u00e9pistage de la BPCO (12\/11\/2009) \u00a0Maintien \u00e0 domicile des personnes \u00e2g\u00e9es (10\/12\/2009) \u00a0Les nodules thyro\u00efdiens (14\/01\/2010)<\/p>\n","protected":false},"author":3,"featured_media":0,"parent":165,"menu_order":0,"comment_status":"closed","ping_status":"closed","template":"","meta":{"footnotes":""},"class_list":["post-170","page","type-page","status-publish","hentry"],"_links":{"self":[{"href":"https:\/\/fmc.landerneau.net\/index.php?rest_route=\/wp\/v2\/pages\/170","targetHints":{"allow":["GET"]}}],"collection":[{"href":"https:\/\/fmc.landerneau.net\/index.php?rest_route=\/wp\/v2\/pages"}],"about":[{"href":"https:\/\/fmc.landerneau.net\/index.php?rest_route=\/wp\/v2\/types\/page"}],"author":[{"embeddable":true,"href":"https:\/\/fmc.landerneau.net\/index.php?rest_route=\/wp\/v2\/users\/3"}],"replies":[{"embeddable":true,"href":"https:\/\/fmc.landerneau.net\/index.php?rest_route=%2Fwp%2Fv2%2Fcomments&post=170"}],"version-history":[{"count":1,"href":"https:\/\/fmc.landerneau.net\/index.php?rest_route=\/wp\/v2\/pages\/170\/revisions"}],"predecessor-version":[{"id":171,"href":"https:\/\/fmc.landerneau.net\/index.php?rest_route=\/wp\/v2\/pages\/170\/revisions\/171"}],"up":[{"embeddable":true,"href":"https:\/\/fmc.landerneau.net\/index.php?rest_route=\/wp\/v2\/pages\/165"}],"wp:attachment":[{"href":"https:\/\/fmc.landerneau.net\/index.php?rest_route=%2Fwp%2Fv2%2Fmedia&parent=170"}],"curies":[{"name":"wp","href":"https:\/\/api.w.org\/{rel}","templated":true}]}}