{"id":176,"date":"2017-10-22T15:50:34","date_gmt":"2017-10-22T13:50:34","guid":{"rendered":"http:\/\/fmc.landerneau.net\/?page_id=176"},"modified":"2017-10-22T15:50:34","modified_gmt":"2017-10-22T13:50:34","slug":"programme-2012","status":"publish","type":"page","link":"https:\/\/fmc.landerneau.net\/?page_id=176","title":{"rendered":"Programme 2012"},"content":{"rendered":"<p><img loading=\"lazy\" decoding=\"async\" class=\"puce\" src=\"https:\/\/fmc.landerneau.net\/squelettes-dist\/puce.gif\" alt=\"-\" width=\"8\" height=\"11\" \/>\u00a012\/01\/12\u00a0: le m\u00e9decin malade<\/p>\n<p><img loading=\"lazy\" decoding=\"async\" class=\"puce\" src=\"https:\/\/fmc.landerneau.net\/squelettes-dist\/puce.gif\" alt=\"-\" width=\"8\" height=\"11\" \/>\u00a002\/02\/12\u00a0: les vertiges<\/p>\n<p><img loading=\"lazy\" decoding=\"async\" class=\"puce\" src=\"https:\/\/fmc.landerneau.net\/squelettes-dist\/puce.gif\" alt=\"-\" width=\"8\" height=\"11\" \/>\u00a008\/03\/12\u00a0: r\u00e9gimes amaigrissants<\/p>\n<p><img loading=\"lazy\" decoding=\"async\" class=\"puce\" src=\"https:\/\/fmc.landerneau.net\/squelettes-dist\/puce.gif\" alt=\"-\" width=\"8\" height=\"11\" \/>\u00a005\/04\/12\u00a0: helicobacter pylori<\/p>\n<p><img loading=\"lazy\" decoding=\"async\" class=\"puce\" src=\"https:\/\/fmc.landerneau.net\/squelettes-dist\/puce.gif\" alt=\"-\" width=\"8\" height=\"11\" \/>\u00a010\/05\/12\u00a0: nouvelles recommandations dans le diab\u00e8te de type 2<\/p>\n<p><img loading=\"lazy\" decoding=\"async\" class=\"puce\" src=\"https:\/\/fmc.landerneau.net\/squelettes-dist\/puce.gif\" alt=\"-\" width=\"8\" height=\"11\" \/>\u00a014\/06\/12\u00a0: h\u00e9mopathies my\u00e9lo\u00efdes (Pr Berthou)<\/p>\n<p><img loading=\"lazy\" decoding=\"async\" class=\"puce\" src=\"https:\/\/fmc.landerneau.net\/squelettes-dist\/puce.gif\" alt=\"-\" width=\"8\" height=\"11\" \/>\u00a013\/09\/12\u00a0: le DMP<\/p>\n<p><img loading=\"lazy\" decoding=\"async\" class=\"puce\" src=\"https:\/\/fmc.landerneau.net\/squelettes-dist\/puce.gif\" alt=\"-\" width=\"8\" height=\"11\" \/>\u00a011\/10\/12\u00a0: conduites addictives de l\u2019adolescent<\/p>\n<p><img loading=\"lazy\" decoding=\"async\" class=\"puce\" src=\"https:\/\/fmc.landerneau.net\/squelettes-dist\/puce.gif\" alt=\"-\" width=\"8\" height=\"11\" \/>\u00a008\/11\/12\u00a0: spondylarthropathies<\/p>\n<p><img loading=\"lazy\" decoding=\"async\" class=\"puce\" src=\"https:\/\/fmc.landerneau.net\/squelettes-dist\/puce.gif\" alt=\"-\" width=\"8\" height=\"11\" \/>\u00a013\/12\/12\u00a0: la demande abusive<\/p>\n<p><img loading=\"lazy\" decoding=\"async\" class=\"puce\" src=\"https:\/\/fmc.landerneau.net\/squelettes-dist\/puce.gif\" alt=\"-\" width=\"8\" height=\"11\" \/>\u00a010\/01\/13\u00a0: le point sur les traitements de la maladie d\u2019Alzheimer<\/p>\n","protected":false},"excerpt":{"rendered":"<p>\u00a012\/01\/12\u00a0: le m\u00e9decin malade \u00a002\/02\/12\u00a0: les vertiges \u00a008\/03\/12\u00a0: r\u00e9gimes amaigrissants \u00a005\/04\/12\u00a0: helicobacter pylori \u00a010\/05\/12\u00a0: nouvelles recommandations dans le diab\u00e8te de type 2 \u00a014\/06\/12\u00a0: h\u00e9mopathies my\u00e9lo\u00efdes (Pr Berthou) \u00a013\/09\/12\u00a0: le DMP \u00a011\/10\/12\u00a0: conduites addictives de l\u2019adolescent \u00a008\/11\/12\u00a0: spondylarthropathies \u00a013\/12\/12\u00a0: la demande abusive \u00a010\/01\/13\u00a0: le point sur les traitements de la maladie d\u2019Alzheimer<\/p>\n","protected":false},"author":3,"featured_media":0,"parent":165,"menu_order":0,"comment_status":"closed","ping_status":"closed","template":"","meta":{"footnotes":""},"class_list":["post-176","page","type-page","status-publish","hentry"],"_links":{"self":[{"href":"https:\/\/fmc.landerneau.net\/index.php?rest_route=\/wp\/v2\/pages\/176","targetHints":{"allow":["GET"]}}],"collection":[{"href":"https:\/\/fmc.landerneau.net\/index.php?rest_route=\/wp\/v2\/pages"}],"about":[{"href":"https:\/\/fmc.landerneau.net\/index.php?rest_route=\/wp\/v2\/types\/page"}],"author":[{"embeddable":true,"href":"https:\/\/fmc.landerneau.net\/index.php?rest_route=\/wp\/v2\/users\/3"}],"replies":[{"embeddable":true,"href":"https:\/\/fmc.landerneau.net\/index.php?rest_route=%2Fwp%2Fv2%2Fcomments&post=176"}],"version-history":[{"count":1,"href":"https:\/\/fmc.landerneau.net\/index.php?rest_route=\/wp\/v2\/pages\/176\/revisions"}],"predecessor-version":[{"id":177,"href":"https:\/\/fmc.landerneau.net\/index.php?rest_route=\/wp\/v2\/pages\/176\/revisions\/177"}],"up":[{"embeddable":true,"href":"https:\/\/fmc.landerneau.net\/index.php?rest_route=\/wp\/v2\/pages\/165"}],"wp:attachment":[{"href":"https:\/\/fmc.landerneau.net\/index.php?rest_route=%2Fwp%2Fv2%2Fmedia&parent=176"}],"curies":[{"name":"wp","href":"https:\/\/api.w.org\/{rel}","templated":true}]}}